st derivative of z**3/3 - 2*z**2 + 2. Let n be c(6). Suppose 5*m - n = -2*a + 11, -5*a + 3*m = -42. What is the units digit of a?
9
Let n(g) = -g - 3. Let x be n(-7). Let s = -7 - -10. Suppose x*o - 9 = s. What is the units digit of o?
3
Let d(w) = -10*w - 7. What is the tens digit of d(-4)?
3
What is the units digit of 6/((-1)/48*-9)?
2
Suppose -5*m = 12 - 57. What is the units digit of m?
9
Suppose -5*c = n - 562, -336 = -4*c + c - n. What is the units digit of c?
3
Let v(t) = 19*t**3 - t**2 - 4*t + 4. What is the tens digit of v(2)?
4
Let s = 3 + -1. Suppose -3*u + 40 = -5*p, 2*u + s*p = -3*p - 15. What is the units digit of u?
5
Suppose s + 1 = 8*l - 3*l, 2*s = -l + 9. Suppose 0 = -s*r + x + x + 68, 3*r - 2*x = 49. What is the units digit of r?
9
Suppose -7 = -3*q + 2. Suppose 20 = -8*j + q*j. Let y(x) = -x**3 - 2*x**2 + 5*x + 3. What is the units digit of y(j)?
5
Let q(u) = 2*u - 15. What is the tens digit of q(15)?
1
Let i(l) = l**2 + 7*l + 7. Suppose -15 = -3*t - 2*t. Let b be (t - 4)/((-2)/(-14)). What is the units digit of i(b)?
7
Suppose -2*h = -3*h + 60. Let n(i) = -2*i - 3. Let b be n(-2). Suppose 4*d - h = 5*t, d + 1 + b = -3*t. What is the tens digit of d?
1
Let c be 784/36 - (-8)/36. Let p = c - 11. What is the units digit of p?
1
Let u(m) = -m**2 - m - 5. Let g be u(0). Let f = g + 1. What is the units digit of ((-2)/(f/2))/1?
1
What is the tens digit of (-3 + 7/2)/(1/492)?
4
Let t be (-1 - 12/3) + 2. Let u = t + 9. What is the units digit of u?
6
Suppose -2*j + 5 = 1. Suppose -j*x = 4*y + 16, -5*y = 5*x - 0*x + 15. What is the units digit of x?
2
Let m be 6 - (1/(-1) - -4). What is the units digit of (1 + m)*(-1)/(-2)?
2
Suppose 0 = 2*v - 0*v. Let u = v - 0. Suppose 4*j = -l - 0*l + 20, -2*l - 4*j + 28 = u. What is the units digit of l?
8
Let i(u) = u + 1. Let g(a) = -a - 5. Let h be g(-4). Let o(n) = -8*n - 8. Let j(f) = h*o(f) - 6*i(f). What is the units digit of j(3)?
8
Let n(r) be the first derivative of -r**4/4 + 4*r**3 - 7*r**2/2 - 11*r - 2. What is the tens digit of n(11)?
3
Let u(t) = 7*t - 1. Let z be u(-3). Let i = -2 - z. What is the tens digit of i?
2
Suppose -4*l = -2*m + m - 15, -4*m = -4*l + 12. What is the units digit of (1 - -1)/(m/6)?
2
Let l = -18 + 25. What is the units digit of l?
7
What is the hundreds digit of 3/(36/(-8)) + (-1480)/(-6)?
2
Suppose -3*s + 8*s = 3*n + 20, -2*n - 12 = -4*s. Let o(i) = -3*i + 18. What is the tens digit of o(n)?
4
Let h(y) = 3*y + 8. What is the units digit of h(10)?
8
Let w be (49/(-28))/((-2)/8). Suppose 5*n - w = -4*p, -5*p = -2*n + 3*n - 14. What is the units digit of p?
3
Suppose 19 + 27 = 3*n - 2*y, -52 = -2*n - 4*y. Suppose -2*k + 3*k = n. What is the tens digit of k?
1
Let w = 19 - 6. What is the tens digit of w?
1
Suppose 24 = 3*g + 6. Let j(z) = -1. Let t(y) = -y - 14. Let b(p) = 6*j(p) - t(p). What is the units digit of b(g)?
4
Let h be 1 + -4 - (2 + -10). Suppose o = -o + c + 33, 5*c + h = 0. What is the tens digit of o?
1
Let d = 281 + -183. What is the units digit of d?
8
Suppose 5*b = 740 - 120. What is the hundreds digit of b?
1
Suppose -4*k + m = -24, 4*m + 0*m - 4 = -4*k. Let o be (-6)/30 + 123/15. Suppose -3*h = -j - 6, k*j - j - 4*h = o. What is the units digit of j?
6
Let p = 129 + -126. What is the units digit of p?
3
Let v(d) = d**3 + 8*d**2 - d - 9. Let y be v(-8). What is the tens digit of (63/14)/(y/(-8))?
3
Let h = -3 - -27. What is the tens digit of h?
2
Suppose 0 = 3*t + t. Suppose 2*d - d - 14 = 3*z, -3*d + 2*z + 35 = t. What is the tens digit of d?
1
Let u be (9/(-3))/((-15)/10). Suppose 5*h = 3*o + 5 - 123, u*h + 39 = o. What is the tens digit of o?
4
Let y be 1 + -3 + (-2)/2. Let m be (-196)/(-12) - 2/y. Suppose -53 = -3*n - m. What is the units digit of n?
2
Let n(l) = -7*l**3 - 4*l**2 - 5*l - 3. Let y(i) = 4*i**3 + 2*i**2 + 2*i + 1. Let p(r) = 2*n(r) + 5*y(r). What is the units digit of p(1)?
7
Let n(h) = h**2 - 4*h + 1. What is the hundreds digit of n(13)?
1
Suppose t - 3*k = 17, -2*k - 10 - 3 = -t. Suppose t*l - 183 = 37. What is the tens digit of l?
4
Suppose -k + 4*m = -12, 2*k + m - 36 = 6*m. What is the tens digit of k?
2
Let j = 10 - 7. What is the units digit of j?
3
Let k = 12 + -13. What is the units digit of 3 + k/1 + 1?
3
Suppose 3*d + 79 - 247 = 0. What is the units digit of d?
6
Let y(w) = -w**3 + 2*w**2 + 5*w**3 + w - 3*w**3. Let b be y(-2). Let d = b - -3. What is the units digit of d?
1
What is the tens digit of (24/(-7))/(7/(-147)*3)?
2
Let q(c) = -2*c**3 - c**2 - 3*c - 4. Let o = -14 + 11. What is the tens digit of q(o)?
5
Suppose o = 4*o - 6. Suppose -3*y + 8 = -o*y. What is the units digit of y?
8
Let q = -81 + 130. What is the tens digit of 7/q + (-348)/(-14)?
2
Let k(o) be the third derivative of -o**5/60 + o**4/3 + o**3/6 - o**2. Let b be k(8). Let l = 3 - b. What is the units digit of l?
2
Let s be 272/72 - (-4)/18. What is the units digit of 18*(s - 2)/4?
9
Suppose -4*y + 6 = -6*y. What is the units digit of (8/y*-3)/2?
4
Let t(f) = 2*f + 0*f**2 - 5*f - 5 - 3*f**3 + 2*f**3 + 6*f**2. Let r be 2/(-4) + (-11)/(-2). What is the units digit of t(r)?
5
Suppose 0 = -9*a + 4*a + 745. What is the hundreds digit of a?
1
Suppose 0 = -3*k + 6*k - 939. What is the units digit of k?
3
Let y(r) = r**3 + 9*r**2 + 10*r + 10. Suppose 44 = -4*g + 4*q, 4*q + 2 = -2*g - 2. Let k be y(g). Let o = 13 + k. What is the units digit of o?
7
Suppose 0*f - 4*f = -48. Let s(j) = j**2 - 11*j - 7. What is the units digit of s(f)?
5
Suppose -3*i + 21 = 3. What is the units digit of 1*(-2)/i*-6?
2
Suppose 6*m - 162 = 4*m. What is the units digit of m?
1
Let n(t) = -44*t - 22. What is the units digit of n(-4)?
4
Let x(z) = -z**3 - 7*z**2 - z - 5. Let q be x(-7). Suppose 0 = 5*h - q*h - 36. What is the tens digit of h?
1
Let s(m) = -m**3 - 10*m**2 - 12*m - 12. Let f be -4 + 1 + 2*-3. What is the units digit of s(f)?
5
Let y(r) = -3*r - 9. What is the units digit of y(-5)?
6
Suppose -4*v - 29 + 81 = 0. Suppose -4*j + v = -3*j. Let k = -7 + j. What is the units digit of k?
6
Let q be (-3)/(-12) + (-5)/4. Let k(w) = -30*w. What is the units digit of k(q)?
0
Let w = 145 - 65. What is the units digit of w/35 + 2/(-7)?
2
Suppose 0 + 1 = q + 5*a, -2*q + 2 = -4*a. Suppose -5*r - 7 = -2*i, -i + 4*r = -4*i - q. Let f = i - 0. What is the units digit of f?
1
Let j(m) = -2*m - 17. Let z be j(-8). What is the tens digit of (3/(-3))/(z/17)?
1
Suppose -4*f - 2*k + 472 = 0, 5*f - k + 33 = 630. What is the units digit of f?
9
What is the hundreds digit of ((-418)/8)/((-2)/8)?
2
Suppose -2*h + 6*h - 4 = 0. Let i = -2 + h. Let c = 0 - i. What is the units digit of c?
1
Let j be (-124)/(-28) - 8/(-14). What is the units digit of 129/15 + 2/j?
9
Let w(c) = 76*c**2 - c + 1. Let g be w(1). Suppose 0*j - 97 = -4*j - 3*t, 3*j - g = t. What is the units digit of j?
5
Let w be (1/2)/((-1)/8). Let v = w + 9. What is the units digit of v?
5
Suppose -3*j + 3*i + 96 = 0, -32 = -2*j + j + 3*i. What is the tens digit of j?
3
Let f be (3 + 3)/3*-1. Let l(x) = -3*x**3 - x**2. Let a be l(f). What is the tens digit of ((-1)/(-2))/(1/a)?
1
Suppose -5*h + 542 = 2*v, -530 = -9*h + 4*h - 5*v. What is the tens digit of h?
1
Suppose -p - 3*k + 10 = 0, 5*k = p + k + 4. Suppose p*s + 5*t - 21 = 0, 3*s = t + 2*t + 9. What is the units digit of s?
4
Let o = 33 - 62. Let j = 36 - 79. Let m = o - j. What is the units digit of m?
4
Suppose -h = -1 - 3, -4*h = 2*l - 234. What is the hundreds digit of l?
1
Let m(d) be the third derivative of -d**5/60 - d**4/12 + 2*d**3/3 + 5*d**2. What is the units digit of m(-3)?
1
Suppose 4*l + 6 = 2*x, 4*l - 2 + 7 = x. Let k(o) = -o. Let y(c) = -c**2 - 6*c - 11. Let w(m) = l*y(m) - 3*k(m). What is the units digit of w(-8)?
3
Suppose -10*n - 192 = -14*n. What is the tens digit of n?
4
Let d = -38 + 130. What is the tens digit of 3 + (-4)/((-16)/d)?
2
Suppose 0 = -5*b + 2*b + 24. Let i(d) = 3*d - 1 - 1 - d - 6. What is the units digit of i(b)?
8
Suppose 3*l + 2*l + 4*t = 204, t = -2*l + 81. What is the tens digit of l?
4
Let z(r) = 2*r**2 + 9*r + 13. Let s(f) = -f**2 - 3*f - 4. Let a = -4 - 3. Let h(l) = a*s(l) - 2*z(l). What is the units digit of h(-2)?
8
Let t(w) = w**2 + 12*w - 6. Let i be t(-7). Let r = i + 60. What is the units digit of r?
9
Let y(c) = -c**2